 be y(20). Determine q(c).
1
Let t be 5*(-3)/75*-5. Let c(h) = 6*h + 1. What is c(t)?
7
Let j(b) = -b**3 - 20*b**2 + 19*b - 44. Let z be j(-21). Let l(u) = -2*u**2 - u - 3. Determine l(z).
-9
Let q(h) = -45 + 34 + h + 27. Give q(-11).
5
Suppose -54 = -25*d + 7*d. Let z(u) be the third derivative of u**2 - 1/120*u**6 + 0*u - 5/24*u**4 + 0 - 1/12*u**5 - 5/6*u**d. Determine z(-4).
-1
Let o(z) = -z**2 + z - 2. Let g be (-1)/(-2)*(-2)/(-4)*24. Suppose t + 6 = f, -g*t = 2*f - 5*t. Calculate o(f).
-4
Let j = -2959 + 2957. Let h(i) = -4*i**3 + 3*i**2 - 2. Determine h(j).
42
Suppose -7*z = 5*o - 2*z + 5, 4*o - 2*z - 14 = 0. Let s(d) = -6*d + 8*d - d**2 - 11*d + 8 + 2*d**o. What is s(6)?
-10
Let r(a) be the first derivative of a**4/4 - 8*a**3/3 - 9*a**2/2 - 7*a + 3. Let m = 1393 + -1384. Give r(m).
-7
Let y be 6/21*28/4. Let v(f) = -5*f - 5 - 2*f**y + 4 + 3*f**2. Suppose -4*j + j = -15. Give v(j).
-1
Let j be (-12)/8*(-2)/(-6)*-8. Let m(l) = l**3 - 3*l**2 - 2*l - 3. Determine m(j).
5
Let s(n) = -5*n**2 - 7*n - 7. Let q(r) = -14*r**2 - 21*r - 19. Suppose -65*u = -62*u - 51. Let h(z) = u*s(z) - 6*q(z). Determine h(4).
7
Let p(n) = -n**3 - 2*n**2 + n - 3. Let o be p(-3). Suppose -1 = r - o, -3*r + 26 = 4*l. Let b(i) = 3*i**2 + i**3 - l + 5*i**2 - 2*i**2 - 2*i. Give b(-6).
7
Let i(s) = -s**2 + 7 + 0 - 8 - 3*s. Give i(-1).
1
Suppose 6 = d + 3. Suppose 0 = 2*r + d*r - 20. Let u(j) = j**3 - 5*j**2 + 4*j - 4. Give u(r).
-4
Let u(m) be the first derivative of 1/3*m**3 - m**2 - 3 - 4*m. Suppose 0 = -c + 3, -3*k + 3 = -2*k + 2*c. Calculate u(k).
11
Let y = -518 - -517. Let i(s) = 6*s**2 - s - 2. Determine i(y).
5
Let v(l) = -9*l**2 + 6*l + 2. Let w(p) = -1 + 0 - 8*p**2 + 5*p + 0 + 4. Let s(n) = -4*v(n) + 5*w(n). Let y(r) be the first derivative of s(r). Give y(-1).
9
Let r(v) = 3*v. Suppose 4*y - 4*q = 3*y + 9, 3*y = 5*q + 13. What is r(y)?
3
Let g(l) = l**2 - 4*l - 27. Let d be g(8). Let n(f) = 1183*f + 0 - 1186*f + d. Determine n(7).
-16
Let p(b) = b + 3. Let c be p(16). Let m = 28 - c. Let x(k) = k**3 - 8*k**2 - 10*k + 9. Calculate x(m).
0
Let u(a) = -4*a**2 - a**3 + a + 1 + 4*a - 5. Suppose -2*l = 4*z + 30, 2*l - 14 + 49 = -5*z. Calculate u(l).
-4
Let n(d) = 5*d + 20. Let l(r) = -r - 2. Let q(i) = 4*l(i) + n(i). Determine q(0).
12
Suppose -2*g + 5*k = -27, -3*k = g + 5 - 2. Let j(m) = -m**3 + 7*m**2 - 3*m - 7. Give j(g).
11
Let u be 6/(-4)*(-4)/6. Let x(i) = -1. Let o(k) = -k**2 - k + 1. Let z be o(1). Let w(m) = -m**2 - 1. Let t(g) = z*w(g) + x(g). What is t(u)?
1
Let a(f) be the first derivative of -f**2 - 13*f + 208. Calculate a(-7).
1
Let i = 67 - 58. Let a(f) = -98*f**2 - i - 99*f**2 + 8*f + 196*f**2. Calculate a(6).
3
Suppose 66*o - 74*o = -8. Let x(f) = -30*f**3 - f**2 - 2*f + 2. Calculate x(o).
-31
Let d(g) be the third derivative of g**3 + 0 + 5/24*g**4 + 1/60*g**5 - 2*g**2 + 0*g. Let i = 5 - 10. Calculate d(i).
6
Let i(z) = -5*z + 5. Let v(r) = -5*r**2 - 96*r - 130. Let m(g) = -g**2 - 19*g - 26. Let a(f) = 11*m(f) - 2*v(f). Let k be a(-15). What is i(k)?
-15
Let i be 70/25 + 2 - 7/(-35). Let g(t) = -t**3 + 6*t**2 - 7*t - 1. Calculate g(i).
-11
Let s(r) be the first derivative of r + 14 - 5*r**2 + 12*r**2 + 1. Let d = 1 + -2. What is s(d)?
-13
Let o = 30 + -28. Suppose -2*t + 12 = t, 3*t = o*y + 6. Let x(q) = y*q**3 + 1 + q**3 - 41*q + 40*q. Give x(1).
4
Let i = 6 + -3. Suppose 0 = -r - 2*u, 0*u = -i*r + 5*u. Let s(f) = -f**2 - f + 6. Give s(r).
6
Suppose 10 = p + 27. Let j = p + 17. Let i(b) be the second derivative of -b**3/6 + 3*b**2/2 - 2*b. Calculate i(j).
3
Let r be (84/(-48))/((-9)/(-4)) - (-16)/(-72). Let q(j) be the third derivative of -j**5/10 + j**3/6 + j**2. What is q(r)?
-5
Let q(z) be the second derivative of 8*z + 0*z**2 - 1/40*z**5 + 0 + 2/3*z**3 - 1/4*z**4. Let v(x) be the second derivative of q(x). Calculate v(-4).
6
Let d(r) = 2*r + 18. Let f = -234 + 222. What is d(f)?
-6
Let m = 220 - 223. Let n(u) = -u**2 + 3*u + 5. Calculate n(m).
-13
Suppose 30*q + 1098 = -31*q. Let n(j) = -j**3 - 18*j**2 + j + 15. Give n(q).
-3
Let j(i) = -2*i**2 - 3*i - 1. Suppose -2 = s, -2*s - 13 = -h + 3*s. What is j(h)?
-28
Let b(s) be the third derivative of s**4/8 + 3*s**3/2 - 13*s**2. Suppose -54 = 11*n + 12. Determine b(n).
-9
Let j(o) be the second derivative of 17*o**3/6 + o**2/2 - o + 3. Calculate j(-1).
-16
Let h(y) = -y**2. Let g = -1 + 3. Let t be 0/(1 + -5 + g). Suppose 3 = -p - t. Calculate h(p).
-9
Let o(r) = 5341*r + 5*r**2 + r**3 - 1 - 5347*r - 7. Determine o(-6).
-8
Let l = 3189 - 3182. Let m(a) = 7*a**3 - 2*a**2 + 14*a - 3. Let o(b) = -6*b**3 + 3*b**2 - 13*b + 4. Let k(p) = -5*m(p) - 6*o(p). What is k(l)?
-2
Let j(d) = 7*d + 126. Let a be j(-17). Let y(t) = -t**2 + 6*t + 9. What is y(a)?
2
Let b(p) be the second derivative of -p**4/12 + p**3/6 + p**2/2 - p. Let y(j) be the first derivative of b(j). Suppose -72 = 559*a - 583*a. Calculate y(a).
-5
Let l(f) be the third derivative of f**5/20 + f**4/6 + f**3/2 - 56*f**2 + f. Give l(-2).
7
Let g(s) be the second derivative of -s**3/6 - 5*s**2/2 + 43*s. Let v be g(-9). Let j(o) = -o**2 + 1. Give j(v).
-15
Suppose -j = 5*b + 35, 0 = -b - 2*b - 2*j - 28. Let i(o) = -2*o - 7. Let a be i(b). Let p(x) = 3*x - x - x + x + a. Give p(-6).
-7
Let m(j) be the first derivative of j**3/6 + 7*j + 7. Let b(s) be the first derivative of m(s). Let t be b(6). Let k(o) = o**2 - 9*o + 8. Determine k(t).
-10
Let b(j) = 6*j**2 - 3*j**2 + 14*j + 2134 - 2139. Give b(-5).
0
Let d be ((-27)/6 - -4)*-4. Let r(y) = 5*y**3 - d - y**2 - 2*y - y - 6*y**3. Calculate r(-2).
8
Let d(f) = 3*f**2 + 29*f - 9. Let l(z) = 21*z - 262. Let x be l(12). Determine d(x).
1
Let b(c) = c**3 - 9*c**2 + 8*c + 7. Let o be b(8). Suppose -o - 8 = -3*j. Let k(u) = j*u - 3*u - 3*u - 3 + 4. Determine k(-6).
7
Let t(q) = 2*q**3 + 2*q**2 + q. Let i(x) = -x**3 - 2*x**2 - 4*x + 1. Let u(p) = 3*i(p) + 2*t(p). What is u(4)?
-5
Let a(q) = 38*q**2 + 61*q - 135. Let h(x) = 7*x**2 + 12*x - 27. Let l(o) = -2*a(o) + 11*h(o). What is l(-12)?
-3
Let t(d) = -d**3 - 7*d**2 - 3*d + 7. Let u be t(-6). Let v = u + 5. Let k(h) = -h**3 - 6*h**2 - 7. Calculate k(v).
-7
Let v = 13 + -1. Let s(j) = v - j - 9 - 4 + 11*j**3. Give s(-1).
-11
Let o(f) = f - 8. Let d be o(6). Let k(a) = 10*a + 1. Let s(y) = 5*y. Let n(g) = -3*k(g) + 5*s(g). Determine n(d).
7
Let t(r) = 8*r**2 - r. Suppose 0 = q - 61 + 60. Determine t(q).
7
Let o(z) be the second derivative of -z**4/6 + 5*z**3/6 - 3*z**2/2 + 200*z. Give o(5).
-28
Let z(g) be the third derivative of -g**6/120 - g**5/15 + g**4/6 - g**3/2 - 265*g**2. Let o(c) = -c**3 + 2*c**2 - 3*c + 1. Let r be o(2). Determine z(r).
2
Let t(f) be the third derivative of f**6/20 - f**5/60 + f**4/8 - f**3/3 - 23*f**2 + 7. Give t(1).
6
Let s(p) = p**3 + 17*p**2 - 17*p + 22. Let m be s(-18). Let f(q) = -q**2 - q + 5. Determine f(m).
-15
Let j(s) be the first derivative of s**5/40 + s**4/8 - 2*s**3/3 - 21. Let p(u) be the third derivative of j(u). Determine p(3).
12
Let t be 3 + (4 - (3 - 6 - -3)). Suppose -2*b + t*b = -5. Let i(n) = -9*n + 1. Calculate i(b).
10
Let k(j) = j**2 - j + 4. Let w = -27 - -18. Let g be -1 + -1 + 21/(-3). Let p = g - w. What is k(p)?
4
Let p(t) be the first derivative of 9*t**2/2 - 5*t + 4. Let r(h) = -9*h + 4. Let x(b) = 3*p(b) + 4*r(b). Calculate x(1).
-8
Suppose 39 - 303 = 24*q. Let v(o) = o**2 + 11*o + 3. Calculate v(q).
3
Let v be (5/3)/(5/15). Let u = -27 + 29. Let a(m) = 1 - 7*m**2 + 7*m**3 + 5*m - 8*m**3 + 11*m**u. What is a(v)?
1
Let j(q) = 1 + 5*q - 6*q - 7118*q**3 + 7106*q**3. Give j(1).
-12
Suppose 0 = 8*y - 9*y + 18. Suppose -8 = 2*t - 4*t. Suppose t*f + y = f. Let c(j) = j**2 + 6*j - 4. What is c(f)?
-4
Let y(u) be the first derivative of -9*u**2/2 + u + 80. What is y(-3)?
28
Let k(d) = -11*d**3 - 2*d**2 - 7*d - 2. Let w(j) = 157 - 79 - 79 - j**2 - 5*j**3 - 3*j. Let x(r) = -2*k(r) + 5*w(r). Determine x(-1).
2
Suppose 8*k - 20 = 4. Let n = 7 - 4. Let b(j) = -n*j - k*j + j + 2*j - 6. What is b(-5)?
9
Let s(h) = 2*h**2 + 1. Let m(g) = 11*g**2 - 6*g + 6. Let r(u) = m(u) - 6*s(u). Give r(-6).
0
Let s(a) be the first derivative of -6 - 1/2*a**2 - a. Determine s(-5).
4
Let d(w) = w**3 - 6*w**2 + w - 7. Let m = -431 - -437. Give d(m).
-1
Let v(l) = -l. Let r(d) = -1. Let m(u) = -r(u) - 2*v(u). Suppose -3*p - 26 